14 = -z*t + m + 76, 2*t - 2*m = 20. What is the tens digit of t?
1
Suppose y = -2 + 5. Let d(i) = -1 + y*i**2 - 1 + 3. What is the units digit of d(-1)?
4
Let u(c) = -c**3 - 7*c**2 + c + 11. Let d be u(-7). Suppose -3*p - 3*m + 100 = m, 5*p - d*m = 124. What is the units digit of p?
8
Let c = 37 - 2. Suppose -2*x = -l - c, -8*l = -2*x - 3*l + 55. What is the tens digit of x?
1
Suppose i + 22 = 72. What is the tens digit of i?
5
Let g(l) = -2*l**2 + 9*l. What is the units digit of g(4)?
4
Suppose -2*g + 3*g - 59 = 0. What is the tens digit of g?
5
Let r(v) = 5*v**2 - 3 - 2*v**3 + 6*v**3 - v - 5*v**3. Let o be r(3). Suppose 0 = -d + o - 4. What is the units digit of d?
8
Let w = 423 + -187. What is the tens digit of w?
3
Let c(i) = i**3 + i**2 - 4. Let s be c(0). Let j be ((-40)/(-3))/s*-3. Let y = 0 + j. What is the units digit of y?
0
Let c(b) = -10*b**2 + 1. Let f be c(1). Let j = 14 + f. Suppose 4*t + 2*m - 26 = 4*m, 4*t - j*m - 11 = 0. What is the units digit of t?
9
Suppose -q - 11 = -3*i, 4 + 0 = 4*q. Suppose i*z - 10 = 2. Let o = 2 + z. What is the units digit of o?
5
Suppose -3*c = -3*j - 7 - 11, -2*j = -4*c + 6. Let n = -2 - j. What is the units digit of n?
7
Let y(k) = 24*k**3 + k**2 - k. What is the tens digit of y(1)?
2
Let f = 20 + -7. What is the units digit of f?
3
Let o = -5 + 9. Suppose -2*g = -o*g + 4. Suppose -2*u + g = -2*q + 2*u, 4*u = -2*q + 22. What is the units digit of q?
5
Suppose l = -4*m + 126, 0 = -5*m - 2*l + 6*l + 168. What is the tens digit of m?
3
Let y(f) = -f + 8. Let m(g) = g - 7. Let o(a) = -4*m(a) - 3*y(a). Let i be o(-6). What is the units digit of 6/(-9) - i/(-6)?
1
Suppose -h - 65 = -3*o, 3*o - 2*o - 25 = -3*h. What is the units digit of 1/(2 - 42/o)?
1
Suppose 0 = -0*m + 4*m + 4*l + 20, l + 23 = -4*m. Let w = 10 + m. Suppose 0*b = w*b - 16. What is the units digit of b?
4
Suppose 6*w - w = -8890. Let h be w/63 + 4/18. What is the units digit of (-148)/h - (-4)/(-14)?
5
Let o = 0 - 3. Let u = -16 + 21. Let k = u + o. What is the units digit of k?
2
Let d(m) = m**3 - m**2 - 2*m - 1. Let v be d(2). What is the units digit of 3*(-104)/12*v?
6
Let v = 1 - -2. Let x(j) = 2*j**2 + j - 2. Let t be x(-2). Let k = t - v. What is the units digit of k?
1
Suppose -2*k + 24 - 2 = 0. What is the units digit of k?
1
Let r be (-10)/4*(-6)/15. Let u(k) = 2*k**3 - k**2 + 1. What is the units digit of u(r)?
2
Suppose -5*y = -y - 1044. What is the units digit of y?
1
Suppose 9*b = -0*b + 270. What is the units digit of b?
0
Let p be 1 + 3 + 3/3. Let t = p - -44. What is the units digit of t?
9
Let u be 11/(-2)*(-3 - 1). Suppose a - 4*a - 19 = 5*p, 4*a + 5*p = -u. Let g = -2 - a. What is the units digit of g?
1
Let r = 0 - -2. Suppose 0 = -3*x + 3*v - 9, -x - 3*v = r*v - 21. What is the units digit of x?
1
Let m = -3 - -8. Suppose m*y = f - 47, -f - f - 3*y = -146. Suppose -5*g + 0*b + 75 = 5*b, -3*b + f = 5*g. What is the tens digit of g?
1
Suppose 0*m - 38 = -m. Let z = m - 13. Let v = 36 - z. What is the tens digit of v?
1
Let i(h) = 7*h**2 + 2*h - 3. Let j be i(2). Let f = j + -5. What is the units digit of f?
4
Suppose -3*h - 1 - 1 = -u, 3*h = -5*u - 8. What is the units digit of u/3 + (-1144)/(-39)?
9
Suppose 3*p = p - 4. Let f = p + 2. Suppose f*o - 2*o = -16. What is the units digit of o?
8
Let h be 1/(-2) - (-36)/8. Suppose -3*k - 4*p + h = k, 0 = 3*p + 9. Suppose 5*j - k - 11 = 0. What is the units digit of j?
3
Suppose 36 = b - 18. What is the units digit of b?
4
Suppose 4 = -y, y - 6*y = -w + 35. What is the units digit of w?
5
Let r be (-2 + -1)*(-3 - -2). Let q be r - (-2 + (-1 - -1)). Let p = q - 4. What is the units digit of p?
1
Suppose -2*i - i = -15. Suppose -3*k = k + 2*p - 50, -i*p + 53 = 4*k. What is the tens digit of k?
1
Let t(x) = 6*x**2 - 9*x + 5. Let p(b) = -5*b**2 + 9*b - 5. Let h(k) = -5*p(k) - 4*t(k). Let i be 26/3 - 3/(-9). What is the units digit of h(i)?
5
Suppose 5*r - 135 = -0*r. Suppose m - r = 2*m. What is the units digit of ((-10)/(-15))/((-2)/m)?
9
Let q = -7 + 10. Let l = q + 9. What is the units digit of l?
2
Let k(z) = 8*z - 2. Let y be (1 + -3)/((-8)/8). What is the units digit of k(y)?
4
Let x = -2 - -4. Suppose 5*a - 4*a + l - 6 = 0, 3*l = x*a - 22. What is the units digit of a?
8
Let j be (-2)/3 + 6285/45. Let g = -96 + j. What is the tens digit of g?
4
Suppose -15 + 7 = -2*o. Suppose -m + 8 = -o*i - 2*m, 2*m + 7 = -5*i. What is the units digit of (-1)/i - (-28)/6?
5
Let v = -1 - -4. Suppose 4*m + u = 2, -2*m + v*u + 2 = 4*u. Suppose -4*g + 4 + 4 = m. What is the units digit of g?
2
Suppose 3*u + 0*u = 9. What is the units digit of u?
3
Suppose -500 = -5*q + 590. What is the tens digit of q?
1
Let c = 38 + 80. What is the hundreds digit of c?
1
Suppose 5*l = 3 - 8. Let t be (0 + 1)/l - -1. Suppose t = -3*m + 13 + 11. What is the units digit of m?
8
Suppose -2*q = 2*p + 2*p - 164, -4*q + 5*p = -380. What is the tens digit of q?
9
What is the units digit of (1 - -3) + (-352)/(-2) + -3?
7
Suppose -53*v + 148 = -49*v. What is the units digit of v?
7
Let i = 117 - -226. What is the tens digit of i?
4
Let o = 99 + -71. What is the tens digit of o?
2
Suppose 5*h - 238 = -5*v + 2*v, 4*v = -2*h + 84. What is the units digit of h/6 + (-12)/36?
8
Let p(n) be the second derivative of -n**5/20 - 5*n**4/12 + 5*n**3/6 - 2*n**2 + 2*n. What is the units digit of p(-6)?
2
Let d(v) be the third derivative of -v**5/60 + 11*v**4/24 - 3*v**2. Let o be d(6). What is the units digit of 200/o*(1 + 2)?
0
Let v(j) = 4*j**2. Let f be -1 + 0 - (-3 + 1). Suppose -2*t = -f + 3. What is the units digit of v(t)?
4
Let q be 3/((-6)/(-4)) - -1. Let c(y) = 7*y - 3. Let f be c(q). Suppose 0*b - 3*b + f = 0. What is the units digit of b?
6
Let u be (-4)/3*(-9)/6. Let k be (-26)/4 + (-2)/(-4). What is the units digit of (-40)/(-15) - u/k?
3
Let u = 22 - 11. Let m = 19 - u. What is the units digit of m?
8
Let s be 1*-1*8/2. Let k = s + 6. Suppose k*n = 2 + 14. What is the units digit of n?
8
Suppose 0*z + 10 = 2*z. Suppose -3*k - z*q = -2*k + 3, 3*q - 1 = -k. What is the units digit of k?
7
What is the hundreds digit of (2 - 6) + -10 + 171?
1
Let j = -11 + 15. Suppose -d + j*c - 24 = -73, -4*d - 4*c = -116. What is the units digit of d?
3
Suppose 4*d + 5*x - 75 - 21 = 0, 4*d = -2*x + 108. What is the tens digit of (-2)/(-4) - d/(-2)?
1
Suppose 0 = -2*y - 27 + 91. What is the units digit of y?
2
Suppose 0 = 3*m + v - 6, -2*v = -4*m + 3*v - 11. Let y be (6/9)/(m/9). Let j = 9 - y. What is the units digit of j?
3
Let g(b) = 2*b**3 - 6*b**2 - b + 7. Let s be g(5). Suppose -s = -2*f - f. What is the tens digit of f?
3
Suppose -26 = -4*i + 30. What is the tens digit of i?
1
Suppose 4*i - 3 - 5 = 0. Let p(v) = 4*v - 2. Let x be p(i). What is the units digit of (-1)/2 + 21/x?
3
Suppose q - 9 = 3*j, j = 5*q - 2*j + 3. What is the tens digit of (-2)/q*(-204)/(-8)?
1
Let l(t) = -t + 21. What is the units digit of l(12)?
9
Suppose 13*h - 357 = 10*h. What is the tens digit of h?
1
Let j(p) = p**2 - 3*p + 3. Suppose 0*q - 15 = -5*q. Let y be j(q). Suppose -16 = 4*t, -y*n + n + 3*t = -24. What is the units digit of n?
6
What is the tens digit of 4/(-2) + 447/(12/4)?
4
Suppose -47*p + 48*p = 109. What is the tens digit of p?
0
Suppose 7 = 5*s - 3. Suppose s*l + 2*l = 12. What is the units digit of l?
3
Let u(a) = -a - 7. Let h be u(-6). Let s be -4 - (h + -1) - -7. Suppose -s*o + 5 = -5. What is the units digit of o?
2
Suppose -w + 2 = -0*w. Suppose -2*t + 18 = -3*q, -4*t - 3*q = -w*q - 22. What is the units digit of t?
6
What is the tens digit of 3/((4/328)/((-3)/(-18)))?
4
Let p(a) = 134*a + 1. What is the tens digit of p(1)?
3
Suppose 102 = 2*t - 4*p, 2*p + 44 + 130 = 4*t. Suppose 7 = -2*k + t. What is the tens digit of k?
1
Suppose -5*q + 10 = 0, u + 3*q = 3*u + 14. What is the units digit of (12/4)/(u/(-12))?
9
Let w be -3 + 2 - (-2 + 0). Suppose 2*q = 5*m + w, -q + m + 2 + 0 = 0. What is the units digit of q?
3
Let a(z) = -z**2 + 8*z - 7. Let f be a(6). Let q = -1 + 1. Suppose -f*g + k = -8, -6 = -g - q*k - 2*k. What is the units digit of g?
2
Let a(w) = 3*w - 2. Let r be ((-5)/(-2))/((-3)/(-6)). What is the tens digit of a(r)?
1
What is the tens digit of 3*3 + 3/1?
1
Let p(u) = u - 2. Suppose 2*v - 10 = 0, -5*d = -4*v + 3*